{"id":25,"date":"2018-09-13T15:04:06","date_gmt":"2018-09-13T15:04:06","guid":{"rendered":"https:\/\/demo.wpoperation.com\/opstore\/product\/import-placeholder-for-73\/"},"modified":"2022-11-15T17:46:55","modified_gmt":"2022-11-15T17:46:55","slug":"album","status":"publish","type":"product","link":"https:\/\/cepcar.pt\/cepcarmaquinaria\/produto\/album\/","title":{"rendered":"Wacker Neuson EZ 26"},"content":{"rendered":"<p>Wacker Neuson EZ 26<\/p>\n","protected":false},"excerpt":{"rendered":"<p>A escavadora compacta EZ26 garante design moderno, flexibilidade e facilidade de uso. Com o reboque do carro at\u00e9 o pr\u00f3ximo canteiro de obras? Sem problemas &#8211; o baixo peso permite o transporte incluindo acess\u00f3rios usando um reboque de 3,5 toneladas. Um inovador mecanismo de janela frontal para f\u00e1cil ventila\u00e7\u00e3o oferece conforto de trabalho e facilita a comunica\u00e7\u00e3o entre o operador e os colegas. O suporte da alavanca de comando, a ampla entrada da cabine e a disposi\u00e7\u00e3o dos elementos de opera\u00e7\u00e3o e exibi\u00e7\u00e3o da EZ26 s\u00e3o ergonomicamente perfeitamente adaptados \u00e0s necessidades do seu local de trabalho.<\/p>\n","protected":false},"featured_media":525,"comment_status":"open","ping_status":"closed","template":"","meta":{"_themeisle_gutenberg_block_has_review":false},"product_cat":[38],"product_tag":[],"class_list":["post-25","product","type-product","status-publish","has-post-thumbnail","hentry","product_cat-mini-giratorias"],"_links":{"self":[{"href":"https:\/\/cepcar.pt\/cepcarmaquinaria\/wp-json\/wp\/v2\/product\/25","targetHints":{"allow":["GET"]}}],"collection":[{"href":"https:\/\/cepcar.pt\/cepcarmaquinaria\/wp-json\/wp\/v2\/product"}],"about":[{"href":"https:\/\/cepcar.pt\/cepcarmaquinaria\/wp-json\/wp\/v2\/types\/product"}],"replies":[{"embeddable":true,"href":"https:\/\/cepcar.pt\/cepcarmaquinaria\/wp-json\/wp\/v2\/comments?post=25"}],"wp:featuredmedia":[{"embeddable":true,"href":"https:\/\/cepcar.pt\/cepcarmaquinaria\/wp-json\/wp\/v2\/media\/525"}],"wp:attachment":[{"href":"https:\/\/cepcar.pt\/cepcarmaquinaria\/wp-json\/wp\/v2\/media?parent=25"}],"wp:term":[{"taxonomy":"product_cat","embeddable":true,"href":"https:\/\/cepcar.pt\/cepcarmaquinaria\/wp-json\/wp\/v2\/product_cat?post=25"},{"taxonomy":"product_tag","embeddable":true,"href":"https:\/\/cepcar.pt\/cepcarmaquinaria\/wp-json\/wp\/v2\/product_tag?post=25"}],"curies":[{"name":"wp","href":"https:\/\/api.w.org\/{rel}","templated":true}]}}